
2, 41, 3313
What are the prime factors of 11208783?
3, 3736261
What are the prime factors of 8812445?
5, 1213, 1453
List the prime factors of 335443.
29, 43, 269
What are the prime factors of 3788425?
5, 151537
List the prime factors of 26150459.
26150459
What are the prime factors of 167300?
2, 5, 7, 239
List the prime factors of 16152713.
71, 83, 2741
List the prime factors of 121457.
7, 17351
What are the prime factors of 870401?
7, 124343
What are the prime factors of 150272?
2, 587
List the prime factors of 1549669.
11, 17, 8287
List the prime factors of 923224.
2, 37, 3119
List the prime factors of 2849546.
2, 7, 29077
List the prime factors of 2130784.
2, 66587
List the prime factors of 527618.
2, 7, 13, 223
List the prime factors of 450835.
5, 7, 11, 1171
List the prime factors of 381282.
2, 3, 11, 53, 109
List the prime factors of 2466429.
3, 7, 257, 457
List the prime factors of 5247333.
3, 7, 13, 43, 149
List the prime factors of 1252843.
1252843
What are the prime factors of 101517?
3, 13, 19, 137
List the prime factors of 714040.
2, 5, 17851
List the prime factors of 12147987.
3, 4049329
What are the prime factors of 129044?
2, 32261
List the prime factors of 310985.
5, 37, 41
What are the prime factors of 4543675?
5, 17, 10691
What are the prime factors of 519931?
519931
List the prime factors of 479114.
2, 239557
What are the prime factors of 875245?
5, 7, 17, 1471
List the prime factors of 6033748.
2, 7, 113, 1907
List the prime factors of 288008.
2, 7, 37, 139
List the prime factors of 545683.
17, 32099
List the prime factors of 241129.
7, 19, 37
List the prime factors of 180996.
2, 3, 15083
List the prime factors of 6627013.
23, 73, 3947
What are the prime factors of 2942333?
809, 3637
What are the prime factors of 5154402?
2, 3, 11, 29, 2693
What are the prime factors of 4714881?
3, 229, 6863
List the prime factors of 641480.
2, 5, 7, 29, 79
What are the prime factors of 4368063?
3, 7, 208003
What are the prime factors of 3704086?
2, 103, 17981
What are the prime factors of 591112?
2, 37, 1997
List the prime factors of 3680816.
2, 31, 41, 181
List the prime factors of 3112279.
3112279
What are the prime factors of 126720?
2, 3, 5, 11
List the prime factors of 2426465.
5, 149, 3257
What are the prime factors of 3886387?
17, 228611
What are the prime factors of 43516907?
7, 29, 463
List the prime factors of 451621.
451621
List the prime factors of 33957.
3, 7, 11
List the prime factors of 374051.
17, 22003
What are the prime factors of 456749?
83, 5503
What are the prime factors of 267739?
267739
What are the prime factors of 5198318?
2, 397, 6547
What are the prime factors of 1462829?
19, 76991
What are the prime factors of 3966413?
11, 113, 3191
List the prime factors of 2481218.
2, 17, 72977
What are the prime factors of 1172374?
2, 7, 1709
What are the prime factors of 842390?
2, 5, 84239
What are the prime factors of 577778?
2, 31, 9319
What are the prime factors of 299451?
3, 99817
List the prime factors of 99952.
2, 6247
List the prime factors of 31361865.
3, 5, 2090791
List the prime factors of 1244492.
2, 311123
List the prime factors of 161734.
2, 193, 419
List the prime factors of 2539747.
7, 223, 1627
What are the prime factors of 205225?
5, 8209
List the prime factors of 6249006.
2, 3, 347167
What are the prime factors of 368289?
3, 151, 271
List the prime factors of 2718515.
5, 543703
List the prime factors of 6747581.
6747581
What are the prime factors of 8464895?
5, 17, 53, 1879
List the prime factors of 2229039.
3, 9173
List the prime factors of 4190575.
5, 167623
List the prime factors of 270074.
2, 7, 101, 191
What are the prime factors of 170150?
2, 5, 41, 83
What are the prime factors of 311412?
2, 3, 25951
What are the prime factors of 963553?
389, 2477
What are the prime factors of 1243747?
1243747
What are the prime factors of 800198?
2, 7, 61, 937
List the prime factors of 213903.
3, 23767
List the prime factors of 448812.
2, 3, 7, 13, 137
List the prime factors of 8280254.
2, 29, 367, 389
What are the prime factors of 8073362?
2, 11, 73, 457
What are the prime factors of 4382735?
5, 7, 125221
What are the prime factors of 843196?
2, 71, 2969
What are the prime factors of 11428368?
2, 3, 7, 43, 113
What are the prime factors of 7681263?
3, 17, 19, 7927
What are the prime factors of 5384928?
2, 3, 56093
List the prime factors of 822082.
2, 411041
What are the prime factors of 2403184?
2, 7, 43, 499
List the prime factors of 1097520.
2, 3, 5, 17, 269
List the prime factors of 132777.
3, 14753
List the prime factors of 6179415.
3, 5, 11, 17, 2203
List the prime factors of 28916975.
5, 229, 5051
What are the prime factors of 334876?
2, 83719
List the prime factors of 4674680.
2, 5, 116867
List the prime factors of 23522612.
2, 5880653
What are the prime factors of 660930?
2, 3, 5, 22031
What are the prime factors of 8280?
2, 3, 5, 23
What are the prime factors of 32027944?
2, 13, 547, 563
What are the prime factors of 5437706?
2, 23, 118211
List the prime factors of 1979623.
809, 2447
List the prime factors of 102902.
2, 23, 2237
What are the prime factors of 292377?
3, 97459
List the prime factors of 287315.
5, 7, 8209
What are the prime factors of 96976?
2, 11, 19, 29
What are the prime factors of 502235?
5, 100447
List the prime factors of 10449751.
13, 23, 34949
List the prime factors of 176816.
2, 43, 257
List the prime factors of 625511.
557, 1123
List the prime factors of 4900455.
3, 5, 7, 47, 331
List the prime factors of 4897036.
2, 1224259
What are the prime factors of 271414?
2, 11, 13, 73
What are the prime factors of 16020?
2, 3, 5, 89
What are the prime factors of 461470?
2, 5, 46147
List the prime factors of 3865091.
29, 133279
List the prime factors of 9333304.
2, 1166663
List the prime factors of 472652.
2, 118163
List the prime factors of 34657591.
34657591
List the prime factors of 1025076.
2, 3, 13, 6571
What are the prime factors of 115071?
3, 11, 317
What are the prime factors of 12548899?
11, 67, 17027
List the prime factors of 743476.
2, 185869
List the prime factors of 8606462.
2, 23, 223, 839
What are the prime factors of 20474063?
43, 311, 1531
List the prime factors of 1679830.
2, 5, 173, 971
What are the prime factors of 44686?
2, 22343
List the prime factors of 432130.
2, 5, 79, 547
What are the prime factors of 197990?
2, 5, 13, 1523
List the prime factors of 2323805.
5, 11, 23, 167
What are the prime factors of 115859?
115859
List the prime factors of 5313625.
5, 42509
List the prime factors of 25614.
2, 3, 1423
What are the prime factors of 670648?
2, 11, 7621
What are the prime factors of 4579804?
2, 1144951
What are the prime factors of 280374?
2, 3, 83, 563
List the prime factors of 606845.
5, 121369
List the prime factors of 1092014.
2, 7, 11, 1013
What are the prime factors of 21935148?
2, 3, 1827929
What are the prime factors of 1980358?
2, 990179
What are the prime factors of 6898956?
2, 3, 574913
List the prime factors of 4066902.
2, 3, 7, 29, 53
List the prime factors of 321094.
2, 181, 887
What are the prime factors of 3574585?
5, 7, 41, 47, 53
List the prime factors of 22893271.
17, 19, 70877
What are the prime factors of 6884680?
2, 5, 11, 15647
List the prime factors of 201607.
7, 83, 347
What are the prime factors of 427999?
11, 13, 41, 73
List the prime factors of 425172.
2, 3, 11, 3221
What are the prime factors of 3086503?
7, 17, 37, 701
What are the prime factors of 727298?
2, 11, 13, 2543
List the prime factors of 139409.
139409
List the prime factors of 985536.
2, 3, 29, 59
What are the prime factors of 6719315?
5, 1343863
What are the prime factors of 249353?
13, 19181
What are the prime factors of 1879208?
2, 467, 503
List the prime factors of 721073.
23, 107, 293
What are the prime factors of 8797160?
2, 5, 17, 761
List the prime factors of 1646096.
2, 102881
What are the prime factors of 58184?
2, 7, 1039
What are the prime factors of 1047864?
2, 3, 43661
What are the prime factors of 1101962?
2, 19, 47, 617
What are the prime factors of 86995?
5, 127, 137
List the prime factors of 1028903.
1028903
What are the prime factors of 1118054?
2, 7, 79861
List the prime factors of 4795723.
4795723
List the prime factors of 5967117.
3, 13, 51001
What a